 2*h + h - 245, w*h - 312 = m. Is 5/(4 + 1)*h a prime number?
True
Suppose 0*a + 2*a + 3*w = -7937, 5*w = -a - 3965. Let g = -1151 - a. Is g a prime number?
True
Suppose 4*u + 32687 = z, -62316 - 68489 = -4*z - 3*u. Is z composite?
True
Let w(o) = -6*o - 40. Let g be w(-8). Suppose -x = g*x - 234. Let y = x + 165. Is y prime?
True
Let f(r) = -13*r**2 - 5*r + 6. Let j(a) = -a + 1. Let i(v) = f(v) - j(v). Let o(s) = -s**2. Let m(c) = -i(c) + 5*o(c). Is m(9) a composite number?
True
Let y(w) = 344*w - 5505. Is y(61) a composite number?
True
Let i(a) = -4*a**2 + 1. Let h(b) = 3*b**3 - 47*b**2 - b + 2. Let y(f) = h(f) - 7*i(f). Suppose 0 = -5*d - 10, -2*k = -d - 2*d - 22. Is y(k) a prime number?
True
Let w be (-8 + 2)/(16/32). Let b(d) = -7*d**3 - 12*d**2 + 20*d + 34. Is b(w) a composite number?
True
Suppose 209*b = 277*b - 19963916. Is b a composite number?
True
Let f(k) = -68*k**2 - k - 1. Let r be f(-1). Let x = r - -64. Is (-6639)/(-12) + 1/x composite?
True
Let n = 83 - 86. Is 4754 - (-6 + 6 - (0 + n)) a composite number?
False
Let o(n) = n**3 + 58*n**2 + 15*n - 65. Is o(-51) a prime number?
True
Let y(q) = q**2 - 4*q - 8. Let n be y(-2). Suppose g + 4*b = 449, n*g - 8*b - 1796 = -11*b. Is g a prime number?
True
Suppose -b = 5*u - 0*b - 144, 2*u - 5*b - 36 = 0. Suppose -u = -6*m + 2. Suppose 4*w - 3576 = -4*j, -2*j - 2*j - m*w = -3581. Is j prime?
False
Suppose 0 = -5*u - 4*l + 1595, 320 = u - 0*l + l. Let m = u + -152. Is m a composite number?
False
Is 153/(-408) + (-79387)/(-8) a prime number?
True
Suppose -173890 = 10*j - 2*j - 714698. Is j a prime number?
True
Suppose -16*n + 25 = -55. Suppose n*o - 3727 = 718. Is o a composite number?
True
Suppose 0 = -i + m + 72559, 281*i - 72555 = 280*i + 2*m. Is i prime?
False
Let f(s) = 64*s**2 - 24*s - 17. Suppose 2*h + 32 = -4*a, 0 = -4*a - 2*h + h - 32. Is f(a) prime?
True
Let z(t) = 301*t + 5. Let x(y) = -75*y - 1. Let k(m) = 9*x(m) + 2*z(m). Suppose 4*h - 5*q - 5 = 3*h, -3*h = -q + 27. Is k(h) composite?
True
Let d(m) = 1578*m**3 - 7*m**2 + 30*m - 7. Is d(3) prime?
False
Let b = 8419 - -14083. Is b a composite number?
True
Let j(b) = -2*b - 9. Let a be j(-9). Suppose 0 = -a*o - 10239 - 1065. Let s = 2547 + o. Is s a composite number?
False
Suppose 0 = -g + p - 208, -2*p = 16*g - 14*g + 424. Let q = g + 2021. Is q a prime number?
True
Suppose -j - 180 = 8*j. Let g be ((-148)/6)/(j/120). Let z = -21 + g. Is z composite?
False
Suppose 2*f - 175 = 3*x, -3*x - 142 = -x + 5*f. Let a = x - -58. Let q(k) = -388*k - 13. Is q(a) a composite number?
False
Is (-1)/(-19 - 47882112/(-2520112)) a composite number?
True
Suppose -5*h + 4*b + b = -38185, -2 = 2*b. Suppose 4*s - 5*w = h + 23214, -4*s - w + 30862 = 0. Is s a composite number?
True
Suppose s - 344 = 2*k - 3019, 2*s = 6. Suppose 0 = d - u - k, -u - 3*u = 4*d - 5388. Is d composite?
True
Suppose -26*b = -1219136 + 46770. Is b a composite number?
True
Let o be 3/9 + (-55)/(-15). Suppose -4*u - 5*w + 56 = -3*w, -u = -o*w - 23. Suppose 664 = 7*j - u. Is j a prime number?
True
Suppose -8*u + 1050 = 7*u. Suppose -u*j = -64*j - 9900. Suppose 1080 + j = 2*g + 4*k, 0 = -4*g + 3*k + 5438. Is g composite?
False
Is (-9)/(-1 - 2) + 2186848/37 a prime number?
True
Let m(z) = -737*z**3 + 3*z**2 + 98*z + 35. Is m(-6) prime?
True
Let t be ((10 - 3)*1)/1. Suppose t*g - 12 - 2 = 0. Suppose g*q = -3*p - 0 + 567, 206 = p - 5*q. Is p composite?
False
Suppose 26*c = -17*c - 203400 + 4137427. Is c a composite number?
True
Suppose -29 = -2*s - 183. Let l = s + 71. Is (-3266)/l + (2 - (-20)/(-6)) a composite number?
True
Let u = 59830 + -9959. Is u a composite number?
False
Let g = 687717 - 372254. Is g composite?
True
Suppose -2*l + 2*v = -928830, -2*l - 7*v + 5*v = -928822. Is l prime?
True
Suppose 4*a - 2 = 6*a. Let x(g) = -527*g. Let o be x(a). Suppose -i - 3*y + 563 = 0, 3*i - 3*y - 1114 = o. Is i a composite number?
True
Suppose -3*d + 148317 + 378366 = 0. Is d a composite number?
True
Let c(h) = -10*h - 1. Let t(m) = 3*m + 14. Let s be t(-5). Let j be c(s). Suppose -4*w + j*w = 0, 5*z - 3*w = 1115. Is z prime?
True
Let m(v) = -1889*v + 1. Suppose -4*u + 6 = -6*u. Let a be m(u). Let r = a + -4037. Is r composite?
True
Let i(l) = 91*l + 376*l - 137 + 785*l + 44 - 294*l. Is i(4) prime?
True
Let m(z) = -z**3 + 16*z**2 - 36*z - 36. Let q be m(13). Suppose -q*i - 11 = -17, 2*t = -3*i + 3348. Is t prime?
False
Let d(s) = s**3 + 3*s**2 + 9*s + 2. Let x be d(-6). Let z(l) = 14*l**3 - 5*l**2 + 14*l - 54. Let q be z(3). Let j = q + x. Is j composite?
True
Suppose -13*g + 72 + 149 = 0. Let c = g + -17. Is -1 + c + 4844/7 prime?
True
Suppose g - 7856 = 6861. Let o = g + -9420. Is o a prime number?
True
Let y(z) = 59*z - 23. Let m be y(5). Let p = -199 + -164. Let t = m - p. Is t a prime number?
False
Let u(v) = -v**3 - 134*v**2 - 120*v + 2434. Is u(-137) composite?
False
Let d = 818507 - 505108. Is d composite?
False
Let g(q) = 103*q**3 + 18*q**2 - 23*q + 47. Is g(13) a composite number?
False
Suppose -14*a = -15*a - d + 533630, -4*a + 2134526 = 2*d. Is a composite?
False
Let v = -6170 - -3650. Suppose -2*i = 3*k - 1373 + 15798, -2*i = 10. Let g = v - k. Is g prime?
False
Suppose 4*t = 5*q + 172, 4*q = t + 4*t - 143. Let u = 24 + q. Let j = 54 - u. Is j a prime number?
False
Suppose 94*x + 18402 = 97*x. Let s = -2581 + x. Suppose 0 = -0*n - 11*n + s. Is n a prime number?
False
Suppose -3*w - 18 - 21 = 0. Let n = w - -16. Suppose -399 = -n*z + 48. Is z a prime number?
True
Suppose 0 = 4*r - 3282 - 36866. Is r prime?
True
Suppose y - 8 = z, -4*y - 3*z + 2 = -2. Is 10/y*(20/(-4) + 2023) composite?
True
Suppose -22*a + 18*a + 4*g + 884 = 0, 3*g = -a + 217. Is (-104)/2*(-11)/a*1915 a composite number?
True
Let o(l) = 120*l + 1. Let q(y) = -120*y - 1. Let t(k) = 4*o(k) + 5*q(k). Let a(w) = 765*w - 769. Let b be a(1). Is t(b) composite?
False
Let a(h) = 3*h**3 - 31*h**2 - 11*h + 429. Is a(32) a composite number?
True
Let t = 101 - -173. Let u(l) = l**2 - 4*l - 10. Let j be u(6). Suppose 592 = 4*f - 3*k, j*f = -k - 3*k + t. Is f composite?
True
Suppose 3239 - 885 = 22*w. Suppose 0*r - 100 = 4*r. Let c = w + r. Is c a composite number?
True
Let t(h) = -33*h**3 - 15*h**2 - 19*h - 39. Is t(-8) a prime number?
False
Let w(v) = 4*v + 22. Let f be w(-4). Suppose -3*q - 18 = -5*t + f, 22 = 4*t - q. Is (t/(-4) + 1)*(-117 - 1) a prime number?
True
Let l be (1 - -2)*80/48. Is 10 - l - (-67144)/2 a composite number?
False
Suppose -2*p + 5*w + 5913 = -32422, 95794 = 5*p + 2*w. Let t = p + -7731. Is t composite?
True
Let c = 12756 + -11023. Is c a composite number?
False
Let a = 9 + 1. Suppose -a*d - 9 = -13*d. Suppose 0 = 3*n + d*o - o - 631, -4*o = -3*n + 655. Is n a composite number?
True
Let q(j) = 6*j**3 + 10*j**2 - 12*j + 2. Let h be q(6). Let c = 387 + h. Is c a prime number?
True
Suppose 189 = 13*b - 136. Suppose -b*g + 22*g - 30 = 0. Is 5/g + 2303/2 prime?
True
Suppose w = -3*l + 4553, -2*l = w + 3*l - 4553. Suppose -4*n - 13931 = w. Let p = n + 7872. Is p composite?
False
Suppose 0 = 5*h + 81 - 46. Is 2 - -6 - (5 + h - -4) a prime number?
False
Let g be 2823 + -3*20/12. Is (g - 0)/(-4 - (-9 + 3)) a prime number?
True
Let k(x) = -15 - 697*x - 6 + 3 - 1. Is k(-8) a composite number?
False
Let q be (-20)/6*(-18)/15. Let l(u) = 5*u**2 - 25*u + 43. Let z(x) = 6*x**2 - 25*x + 43. Let s(y) = q*z(y) - 5*l(y). Is s(22) a composite number?
False
Let j be (1*-10)/(52/(-26)). Suppose j*w = 2405 + 10250. Is w composite?
False
Suppose 818410 = 17*v - 164683. Is v a composite number?
False
Let p(k) = k**3 - k + 3. Let g be p(0). Let t be g/((-27)/(-6)) + 3612/(-18). Let c = 579 + t. Is c a composite number?
False
Let a = 73 - 59. Suppose 4*n + 15*y - 3004 = a*y, 0 = 5*y. Is n prime?
True
Let a = -35535 + 105578. Is a a composite number?
True
Suppose 4*a - 430052 = 3*u, 3*a - 13*u - 112667 - 209958 = 0. Is a composite?
False
Is 36/120*5 - (-56470)/4 composite?
True
Let j be (-386484)/(-16) + (-6)/(-8). Suppose -3*l + j = -5*p, 3*l - 3*p - 11290 = 12872. Is l prime?
False
Is ((-8)/32)/(2 - (-59058)/(-29528)) a composite number?
False
Suppose 0 = -2*r - 5*s + 4842, -4*s + 12163 = 5*r - 6*s. Let m be 6*(-43)/8*-28. Let a = m + r. Is a a composite number?
True
Let u = 26 - -23. Let y = -34 + u. Suppose 12*w 